e c(0).
3
Let q(x) = 7*x**2 + x - 5. Let a(o) = -1. Let u be (-9)/2 - 1/2. Let l(n) = n - 1. Let m be l(u). Let j(p) = m*a(p) + q(p). What is j(-1)?
7
Let k(f) = 2*f - 1. Let p = -47 + 48. Give k(p).
1
Suppose 5*i + 1 = 2*t, t + 3*i = 5*i + 2. Suppose t = 4*b - 28. Let x(h) = h**2 - b*h + 3 + 0 + 3*h. Give x(5).
-2
Let s(n) = -4*n**3 - 2*n**2 + 3*n + 2. Let m be 1/3*(-5 - 1)*1. Give s(m).
20
Let p(t) = 11*t - 26*t - 2*t**3 + 6*t**2 + 10*t + t**3 - 7. Let h be 7 + (2 + -4 - 0). Determine p(h).
-7
Let u(j) = -j - 1. Let a(o) = -o**2 + 2*o - 5. Let h(m) = a(m) - 3*u(m). Calculate h(5).
-2
Let g(m) be the first derivative of -4*m**3/3 - m**2/2 + m + 14. Determine g(2).
-17
Let a(y) = -y**2 + 4*y + 3. Let f be 4/(-3)*(-6)/4. Suppose j - 16 = -4*d, -f*d + 1 = 2*j - 7. Give a(d).
3
Suppose -3*s + 8 = -1. Suppose -3*z - 6*r = -4*r - 11, -s*r = -3*z + 36. Let a(o) = -z*o**3 + 3 + 8*o**3 - 4 + o**2. Determine a(0).
-1
Let z(s) be the third derivative of 3*s**2 + 0 + 1/6*s**3 + 0*s - 1/60*s**5 - 1/4*s**4. Calculate z(-5).
6
Let b = 1/16 - -13/48. Let t(d) be the second derivative of -b*d**3 + 2*d**2 - 1/6*d**4 - 2*d + 0. Calculate t(-3).
-8
Let j(n) be the third derivative of -3*n**2 + 0 + 0*n + 1/60*n**5 + 1/360*n**6 + 0*n**3 - 1/6*n**4. Let l(v) be the second derivative of j(v). Determine l(-3).
-4
Let z(c) = c**3 - 4*c**2 - 1 + 0 + 0*c**2 + c. Let l = -59 - -61. Determine z(l).
-7
Let d = 14 - 16. Let c(n) = 2*n**3 - n**2. Let w be c(-1). Let s = d - w. Let z(q) = q**3 - q**2 - q + 1. Give z(s).
0
Let s(v) = v**3 + 4*v**2 - 5*v - 2. Let r be s(-5). Suppose -5*l + l = 0. Let z(u) = -5*u + 1 + l*u + 5*u - 3*u. Determine z(r).
7
Let o(r) = -r**2 - 6*r. Let z = 29 + -33. Calculate o(z).
8
Let l be (-2 - -8)*(-3 + 2). Let n(t) = -7*t - 17. Let a be 2/6*(20 - 5). Let c(s) = -3*s - 8. Let o(x) = a*c(x) - 2*n(x). What is o(l)?
0
Let b(q) = 1 - q - 2 + 3*q + 4*q**2. Let z(p) be the third derivative of p**4/12 - p**3/2 - 2*p**2. Let s be z(2). Determine b(s).
5
Let k(f) be the first derivative of -f**4/4 + 2*f**3/3 + 5*f**2/2 - 4*f - 17. Give k(3).
2
Let s(r) = -2*r - 9. Let z(b) = b**3 + b**2 - 4*b - 3. Let t be z(-2). Let y(f) = 1. Let o(d) = t*s(d) + 6*y(d). Calculate o(-4).
5
Let m(q) = -4 + 3*q + 5 + 5. Suppose -3 = -3*d - 18. Give m(d).
-9
Let p(q) be the second derivative of -q**4/12 + 7*q**3/6 - 5*q**2/2 + 2*q. Let v = 16 + -7. Suppose 25 = v*g - 4*g. What is p(g)?
5
Let k = 1 + 1. Let x(o) = -3*o - 2 - o**2 - o - 2*o + 5*o**k + o**3. Let y(h) = h**3 - 6*h**2 + 4*h. Let p be y(5). Calculate x(p).
3
Suppose 0 = -5*j + 9*j - 12. Let x(u) be the third derivative of u**6/120 - u**5/60 - u**4/6 - u**3/6 - u**2. What is x(j)?
5
Suppose 5*y - 10 = 5. Let r(z) = z**3 - z**2 + z. Let k be (4/6)/((-2)/3). Let f(g) = -2*g**3 - 3*g + 1. Let b(j) = k*f(j) - 3*r(j). What is b(y)?
-1
Suppose 0 = y - 145 + 151. Let o(t) = t**3 + 6*t**2 - 8. What is o(y)?
-8
Let j(w) = -5*w + 2. Let k be 30/(-4)*(-12)/10. Suppose 3*y + 5*x - 1 = 0, y - k = -2*y + 3*x. What is j(y)?
-8
Let a(q) be the second derivative of -q**5/20 - q**2/2 - 16*q. Calculate a(0).
-1
Let d(g) = 6*g - 38. Let y be d(7). Let n(c) = -c**3 - 5*c**2 + 5. Let j(x) = -2*x**3 - 5*x**2 - x + 6. Let k(b) = -2*j(b) + 3*n(b). Give k(y).
-5
Let w be -2 + (-2)/(-8)*0. Let z(p) = -2*p**3 - p + 3. Let n(m) = m**3 + 1. Let t(r) = w*n(r) + z(r). Let y be (-4)/(-3) - (-2)/(-6). What is t(y)?
-4
Let x(k) be the first derivative of k**4/4 - 2*k - 2. Let q(o) be the first derivative of x(o). Give q(1).
3
Let a(v) be the third derivative of v**7/2520 - v**6/144 + v**5/20 + v**4/8 + v**2. Let d(m) be the second derivative of a(m). Give d(4).
2
Let o(j) = -j + 5. Let r(w) = w**3 + 8*w**2 - 9*w + 7. Let p be r(-9). Determine o(p).
-2
Let u(g) be the third derivative of -g**6/120 + g**5/60 - 9*g**2. What is u(0)?
0
Let l(m) be the third derivative of 2*m**5/15 - 11*m**2. Determine l(-1).
8
Let n(q) = q**3 + 9*q**2 + 5*q - 1. Let s(h) = -h**2 - h - 1. Let m(r) = -n(r) - 4*s(r). Suppose 2*z + 1 + 7 = 0. What is m(z)?
-7
Let z = -25 - -25. Let y(n) = -n**2 - n + 8. Calculate y(z).
8
Let o(b) = -3*b**2 + 4*b**2 - 1 - 4*b**2 + 2*b + 3. Calculate o(2).
-6
Let w(d) = d**3 - 4*d**2 + d - 2*d**3 - 34 + 75 - 36. Determine w(-4).
1
Let z(t) = 7*t**3 + t**2 - t + 9. Let n(q) = -3*q**3 + q - 4. Let p(f) = 5*n(f) + 2*z(f). Suppose -2*w + 2 = -2. Suppose w*o + 1 - 5 = 0. What is p(o)?
4
Suppose 0 = 2*a + 13*a + 195. Let m(c) = c + 10. Calculate m(a).
-3
Suppose 0*y - 4*y = 0. Suppose -2*o + y*o = 5*l - 20, -4*o - 5*l + 20 = 0. Let k(u) = 3*u + 1. Let s(p) = 4*p. Let q(v) = 5*k(v) - 4*s(v). What is q(o)?
5
Let y(k) be the third derivative of -k**7/2520 + k**6/720 + k**5/40 - k**4/12 + k**2. Let x(l) be the second derivative of y(l). Give x(-3).
-9
Let f(z) be the third derivative of z**6/120 + z**5/10 - z**4/12 - 4*z**3/3 - 6*z**2. Give f(-6).
4
Suppose -2*o + o = 0. Let r(n) = -10 + 6*n + o*n**2 + n**2 + n**2 + 8 - n**3. What is r(4)?
-10
Let y(g) = 9 + 16*g**3 - 8*g**2 + 2*g**2 - 15*g**3 - 2*g. What is y(6)?
-3
Suppose -9 + 3 = q. Let i(k) = -168 + 331 - 168 - k**2 - 8*k. Determine i(q).
7
Let l(r) = -r**2 + r + 10. Suppose -2*k + 3 = -3*x - 3, 0 = 3*x + 6. Suppose w = -5*v + v - 2, k = v - 5*w - 10. Give l(v).
10
Let j(h) be the second derivative of -h**4/12 + h**3/6 + 3*h**2 - h. Let y be 2/3*(-9 - 0). Let n = y - -6. Determine j(n).
6
Let g = 14 - 20. Let a(j) = 5*j + 3. What is a(g)?
-27
Let l be (-10)/25 + (-6)/10. Let g be 1/1*l*2. Let b = -1 - g. Let j(v) = -6*v**2. Determine j(b).
-6
Let b(t) = -7 - 127*t + 63*t + 60*t. What is b(-6)?
17
Let d(k) be the second derivative of 1/12*k**5 + k**3 - 1/2*k**2 - 2*k + 0 - 1/120*k**6 - 1/12*k**4. Let s(p) be the first derivative of d(p). Determine s(5).
-4
Let a(r) = -r**3 - 9*r**2 - 7*r + 11. Let z be ((-2)/4)/((-260)/(-64) - 4). Give a(z).
3
Let p = 1 + 2. Let n(f) = -4*f - p*f - 1 + f. Calculate n(1).
-7
Let c(a) = 3*a - 5. Suppose 0 = 3*m + 11 - 29. Give c(m).
13
Let m(c) = -1 + 53*c - 50*c + 0. Give m(1).
2
Let q(z) be the first derivative of -2*z**3/3 + 5*z**2/2 - 2*z + 9. Give q(3).
-5
Let p(y) be the third derivative of y**6/120 - y**5/10 - y**4/3 + 5*y**3/3 - 4*y**2. Give p(7).
3
Let w be 34/(1 - (-2)/2). Suppose -4*o + w = 5. Let x be (-12)/o - 3/(-3). Let i(a) = a**2 + 2*a + 3. What is i(x)?
6
Let z = 18 + -25. Let i(g) = -g**3 - 8*g**2 - 6*g - 1. Calculate i(z).
-8
Let w(j) = 19*j - 7. Let k(p) = 6*p - 2. Let c(b) = -7*k(b) + 2*w(b). Let z be -3*(-2)/(-6)*3. Let f be z/(-4) - (-2)/8. Give c(f).
-4
Suppose u + 3 = 2*u. Let o(g) = -1 + g + u - 9. Determine o(0).
-7
Let d(r) = r**3 - 6*r**2 + 8*r - 5. Let c be d(5). Suppose 6*z = z + c. Let l(a) be the second derivative of -a**4/12 + a**3/6 - a**2/2 - a. What is l(z)?
-3
Let g(k) = -3*k**2 + 9*k. Let l(s) = -4*s**2 + 9*s - 1. Let i(r) = -3*g(r) + 2*l(r). Give i(7).
-16
Let s(d) = -4*d**3 + 9*d**2 + 7*d - 2. Let i(z) = z**3 - 3*z**2 - 2*z + 1. Let y(m) = -7*i(m) - 2*s(m). Give y(-4).
-19
Let f(m) be the third derivative of -m**5/60 - m**4/24 + 2*m**3/3 - 2*m**2. Suppose 2*c = 6*c. What is f(c)?
4
Let u(i) = i**2 - i - 2. Let n(j) = -3*j**3 - 17*j**2 + 20*j + 9. Let x(m) = 2*m**3 + 11*m**2 - 13*m - 6. Let t(o) = 5*n(o) + 8*x(o). Let g be t(-4). Give u(g).
10
Let o(s) = -s**3 - 2*s**2 - 2*s - 1. Let g be o(-2). Let u(t) = g*t + t**2 - 10*t + 3 + 6*t. Let c(n) = 1. Let v(q) = -8*c(q) + 3*u(q). What is v(2)?
7
Let j(k) = -13 + k + 25 - 13. What is j(-6)?
-7
Let y(h) = -h - 1. Let t be (-4)/6*18/4. Let r be y(t). Suppose -k - r = -1. Let m(w) = -6*w - 1. What is m(k)?
5
Let n(u) = u**2 + 6. Suppose -2*x + 26 = -5*h, -2*x - 9 - 5 = 5*h. Let d be 27/(-9) + 1*x. What is n(d)?
6
Let o(y) = -3*y - 8*y + 0*y + 4 + 6*y. Determine o(5).
-21
Let y be 0 + (-5)/(7 - 2). Let f(x) = -6*x**3 + x. What is f(y)?
5
Let z(v) = 2*v + 3. Let x = -3 - -1. What is z(x)?
-1
Let l(s) = -s**2 + 4*s + 1. Let o(f) = 3*f + 5 + 5 - f**2 + 8 + 10*f. Let k be o(14). Calculate l(k).
1
Let y = 5 + 8. Let m = 8 - y. Let i(o) = -o - 2. Give i(m).
3
Suppose -5*g + 6 = a - 6*g, g + 2 = 0. Let l be 20/11 - a/(-22). Let d(o) = -o**2 + o**3 + 6*o**l + 7 - 5*o - 4. What is d(-6)?
-3
Let d = 7 + 1. Suppose 2*v = -d - 8. Let t(c) = 4*c**2 - 3*c + 1. Let o(g) = 11*g**2 - 9*g + 4. Le